- 10100001011001000000?
-10100001011000111011
In base 11, what is a887 + -8?
a87a
In base 11, what is 3 + 198480?
198483
In base 5, what is 14033302 + 11?
14033313
In base 15, what is c79 + 28?
ca2
In base 14, what is 1 + -2d58cc?
-2d58cb
In base 12, what is 1085 - -19?
10a2
In base 8, what is -5 - 25163?
-25170
In base 4, what is -1103030 + 1022?
-1102002
In base 15, what is 11d4d + 5?
11d53
In base 15, what is -79c + ac?
-6e0
In base 10, what is 21 - 7401?
-7380
In base 13, what is -1287 + 18?
-126c
In base 3, what is 1 + 22202222?
22210000
In base 15, what is -12985a + 0?
-12985a
In base 15, what is 5 - e32?
-e2c
In base 6, what is 4115 - 15?
4100
In base 4, what is 3021 + -221?
2200
In base 6, what is -40102324 + 1?
-40102323
In base 4, what is -2033103 - -1312?
-2031131
In base 14, what is -c85 + -41?
-cc6
In base 10, what is -171 + -190?
-361
In base 13, what is b - 2945?
-2937
In base 14, what is -1bc + 300?
122
In base 7, what is 2130 - -44?
2204
In base 8, what is -777 - 5?
-1004
In base 4, what is -11 + -22313321?
-22313332
In base 14, what is 49 - b02?
-a97
In base 13, what is 13a83 + -2?
13a81
In base 11, what is 2 - -470a?
4711
In base 6, what is 245154 + -30?
245124
In base 5, what is 31033 - -11410?
42443
In base 9, what is 160 + 456?
626
In base 7, what is 14 - 1445?
-1431
In base 4, what is -2232020 + -10?
-2232030
In base 5, what is 33 + -323011?
-322423
In base 6, what is 3554 - 3?
3551
In base 11, what is 93aa5 + 3?
93aa8
In base 15, what is 137d + 8?
1386
In base 15, what is 120c5e + 4?
120c63
In base 13, what is -133998 - 3?
-13399b
In base 4, what is -31020201 - 2?
-31020203
In base 14, what is -86a + 65?
-805
In base 16, what is -37c0 - 3?
-37c3
In base 2, what is -11000100101001000 + -100?
-11000100101001100
In base 11, what is 13567 + 16?
13582
In base 2, what is -101100 - 100010111000?
-100011100100
In base 10, what is 0 + -676234?
-676234
In base 15, what is 6c4 - d?
6b6
In base 4, what is 131100 + 12033?
203133
In base 15, what is -74bb - -3?
-74b8
In base 3, what is -120110202222 + -10?
-120110210002
In base 15, what is -1d39c + -18?
-1d3b5
In base 3, what is 2001010220021 - 1?
2001010220020
In base 5, what is -4 - 220101?
-220110
In base 5, what is 2 - -1034?
1041
In base 13, what is 1 + 21704?
21705
In base 6, what is 5 - 140035?
-140030
In base 10, what is 460 + 90?
550
In base 14, what is -310 + 4?
-30a
In base 16, what is 1 - 85d0b?
-85d0a
In base 15, what is -a3 - 190?
-243
In base 3, what is -2011021 - -1212200?
-21121
In base 6, what is -3 - -13313454?
13313451
In base 11, what is -220 - -1257?
1037
In base 12, what is -457a2 + 1?
-457a1
In base 3, what is 2 + -1102001010?
-1102001001
In base 2, what is 1001010101101110001 - 111?
1001010101101101010
In base 6, what is -355403 - 0?
-355403
In base 15, what is -26474 + 16?
-2645d
In base 3, what is -1220 + 121122212?
121120222
In base 4, what is 0 - 22230?
-22230
In base 11, what is -a4 + -1a8?
-2a1
In base 12, what is 5 - 3b8520?
-3b8517
In base 7, what is 11 - -34326?
34340
In base 6, what is 33520 + -20?
33500
In base 8, what is 25 - -2713?
2740
In base 2, what is 1001111000100 + 101?
1001111001001
In base 4, what is 1203 + -303313?
-302110
In base 16, what is -3 + 897ec?
897e9
In base 10, what is 18 + -1189?
-1171
In base 4, what is -10 - 31103133?
-31103203
In base 11, what is 2 + -526?
-524
In base 10, what is -39887 - -3?
-39884
In base 12, what is -9b0 - 48?
-a38
In base 15, what is -4 - -1a14b?
1a147
In base 7, what is 3 + 42563?
42566
In base 11, what is -3 + -10271?
-10274
In base 3, what is -2102012021 - 2?
-2102012100
In base 13, what is 4 - 1a69?
-1a65
In base 6, what is 252 + -52410?
-52114
In base 14, what is 17c + 196?
334
In base 14, what is -50729 + -1?
-5072a
In base 3, what is -10 + 11210121221?
11210121211
In base 13, what is 5 + 1538b?
15393
In base 15, what is -2 - 4a03?
-4a05
In base 12, what is -54 + -9154?
-91a8
In base 9, what is 6 + 486022?
486028
In base 6, what is 3 - 3435?
-3432
In base 6, what is 113321 - -4?
113325
In base 8, what is 5 - -3552022?
3552027
In base 3, what is 10 - -11212001?
11212011
In base 5, what is 10011013 + -1?
10011012
In base 10, what is 2 + -71845?
-71843
In base 10, what is -8 - 70318?
-70326
In base 11, what is 18 + -11982?
-11965
In base 6, what is 101320 - -4?
101324
In base 11, what is -202 - 311?
-513
In base 4, what is -1 + -1032212?
-1032213
In base 5, what is 12233023 + 142?
12233220
In base 10, what is 6 + -231109?
-231103
In base 15, what is -22 + 3942?
3920
In base 4, what is -220 + 301210?
300330
In base 10, what is 81087 - 6?
81081
In base 6, what is 11100 + 355?
11455
In base 9, what is -30 - 5077?
-5117
In base 2, what is 1000010010 - -1100000101100?
1101000111110
In base 10, what is 810096 + -4?
810092
In base 11, what is -1983 - -179?
-1805
In base 9, what is -521334 - -1?
-521333
In base 8, what is 72 - 743?
-651
In base 7, what is -503346 - 5?
-503354
In base 11, what is 1 - 637382?
-637381
In base 13, what is -27cc + -50?
-284c
In base 6, what is -241345 - 102?
-241451
In base 7, what is 1606512 + -1?
1606511
In base 9, what is 288 + 6?
305
In base 13, what is -13c932 - 8?
-13c93a
In base 15, what is -15081 + -e?
-15090
In base 10, what is 15398516 - 2?
15398514
In base 15, what is -2880 - -7?
-2878
In base 10, what is 5 - 12531?
-12526
In base 3, what is 220010 + 1020000?
2010010
In base 11, what is 114 - -307?
420
In base 6, what is 5101 - 23?
5034
In base 15, what is 8 - 69926?
-6991d
In base 11, what is 3389a + 4?
338a3
In base 16, what is -677d + 92?
-66eb
In base 6, what is 1055241 - -25?
1055310
In base 11, what is -6166 + 4?
-6162
In base 16, what is 167 + 144?
2ab
In base 15, what is -171 + -6cc?
-84d
In base 4, what is 2 - -10002312?
10002320
In base 10, what is -3 + 20470?
20467
In base 10, what is 767 - -1068?
1835
In base 5, what is -10422211 + -2?
-10422213
In base 10, what is -3290 - 27?
-3317
In base 14, what is 3 + 10d9b?
10da0
In base 14, what is -8 - -257b?
2573
In base 5, what is -4 - 2443112?
-2443121
In base 10, what is -22 - -13759?
13737
In base 3, what is 1020 - -10111111?
10112201
In base 4, what is 30 - 220?
-130
In base 16, what is -acd18 - -5?
-acd13
In base 14, what is -2061a + -3?
-2061d
In base 11, what is 258931 + 5?
258936
In base 6, what is 12411 - 4220?
4151
In base 2, what is 101101010 - 1110101000?
-1000111110
In base 11, what is -4 + -61668?
-61671
In base 4, what is -12232 + -122223?
-201121
In base 10, what is -2322 - 4?
-2326
In base 15, what is -257 + -147?
-39e
In base 8, what is 1157 + -705?
252
In base 2, what is -10101110110 + 111010001?
-1110100101
In base 15, what is c5 + -1ee5?
-1e20
In base 15, what is -2 - 79462?
-79464
In base 2, what is 1001001100100 - 10110000100?
110011100000
In base 5, what is -10324220 + -3?
-10324223
In base 7, what is 330545 + -2?
330543
In base 10, what is -188432 + 14?
-188418
In base 8, what is 3771765 + -4?
3771761
In base 16, what is -47 + 392?
34b
In base 5, what is -3410041 + 3?
-3410033
In base 12, what is -160b9 - -13?
-160a6
In base 5, what is -144 - 110422?
-111121
In base 7, what is 54 - -62123?
62210
In base 6, what is 3 - 1252100?
-1252053
In base 8, what is -22 - 12407?
-12431
In base 15, what is 521d - -4?
5222
In base 5, what is 1 - 42104410?
-42104404
In base 6, what is 21 - 123201?
-123140
In base 11, what is -6 - -4858?
4852
In base 2, what is 10001011100010100 - 10?
10001011100010010
In base 10, what is 414701 - -2?
414703
In base 14, what is 26c3b - d?
26c2c
In base 13, what is 8096 + 0?
8096
In base 11, what is -4 - -570?
567
In base 5, what is 11 - -244233?
244244
In base 10, what is 0 + 279328?
279328
In base 6, what is 1155 - 3124?
-1525
In base 9, what is 5 + 881?
886
In base 6, what is -33035 - -2004?
-31031
In base 12, what is -2 + 21?
1b
In base 3, what is 1101200220112 + -11?
1101200220101
In base 7, what is 2654 + 1040?
4024
In base 3, what is -111100210122 + -121?
-111100211020
In base 3, what is 1002 - 11220201?
-11212122
In base 9, what is -5 + 3886?
3881
In base 16, what is 1507 - e?
14f9
In base 15, what is 9095c - 2?
9095a
In base 15, what is b - -3457?
3463
In base 5, what is 1120304 + -100?
1120204
In base 10, what is 127 + -465?
-338
In base 4, what is -101021